rime factors of f?
3
Suppose 0 = -21*x + 62*x - 113898. What are the prime factors of x?
2, 3, 463
Let z(j) = -3*j**2 - 33*j - 6. Let q be z(-10). Let g = q + 7. What are the prime factors of g?
31
Let o(d) = 11*d + 71. What are the prime factors of o(26)?
3, 7, 17
Suppose -4*o + 3*r = -3344, -r + 20 = 4*r. What are the prime factors of o?
839
Suppose 11*n - 3*n = -24. What are the prime factors of 2958/18 + n/9?
2, 41
Suppose -2*r = -4*v + 6 - 16, 0 = -5*v + 4*r - 17. Let j be (-7 + v)/((-2)/1). Suppose b = -t + 26, 89 = j*b + 2*t - t. What are the prime factors of b?
3, 7
Let s be 1/4 + (-500)/16. Let u = s + 34. List the prime factors of u.
3
Let z = -166 + 256. Suppose -4*j = -26 - z. What are the prime factors of j?
29
Let r(u) = 73*u**2 + 9*u + 28. List the prime factors of r(-5).
2, 113
Let j = -78 - -11. Suppose -6*f - 225 = 453. Let r = j - f. List the prime factors of r.
2, 23
Let i(s) = -68*s + 3. Let o be i(-2). Suppose 8*y = 651 - o. What are the prime factors of y?
2
Suppose -2*s + 118*r = 116*r - 5850, -2*s = 2*r - 5842. List the prime factors of s.
37, 79
Let t = 812 + -401. Suppose -5*s = -1161 + t. List the prime factors of s.
2, 3, 5
Suppose 5*a = 5*g - 20, -g + 6*a + 8 = 4*a. Suppose u - 3 = -g. Suppose -156 = -u*p + 5*t, 2*p - 63 = -3*t + 41. What are the prime factors of p?
2, 13
Let b(d) = -d**3 - 7*d**2 + 9*d + 11. Let h be b(-8). Suppose u = -p + h*u + 116, 4*p + u = 509. List the prime factors of p.
2, 3, 7
List the prime factors of (-20)/130 - 99396/(-156).
7, 13
Let m(z) = -7*z + 2. Let b(s) = 5*s - 1. Let j(h) = -8*b(h) - 5*m(h). List the prime factors of j(-11).
53
Let s be 3/((-1)/445*-5). Let i = 411 - s. List the prime factors of i.
2, 3
Let i(o) = 4*o + 16. Let y be i(-12). Let d = y - -44. What are the prime factors of d?
2, 3
Let b(k) = 204*k**2 - 10*k + 6. Let u(n) = -611*n**2 + 29*n - 17. Let v(m) = -17*b(m) - 6*u(m). Let q be v(-3). What are the prime factors of q/42 + (-4)/(-14)?
43
Let j(l) = -l**3 + 47*l**2 - 56*l + 88. What are the prime factors of j(45)?
2, 809
Let p = -371 - 145. Let l be p/(-18) - 4/6. Let s = 51 - l. What are the prime factors of s?
23
Let i = 165 - 103. List the prime factors of i.
2, 31
Let z(l) = -12*l**3 - l**2 + 2*l - 3. Let f be z(2). Let h = f + 140. What are the prime factors of h?
41
Let p be 5 - -1*3/3. Let j(r) = 6 - p + 8*r. List the prime factors of j(1).
2
Let g(a) = -2*a**2 - 50*a - 15. Suppose 2*t + 40 = -0*t. List the prime factors of g(t).
5, 37
Let o(m) = m**2 + 4 + 5*m + 4 - 3*m**3 - 3. Let v be o(-2). Suppose -q - 4*t + v = 0, q - 3*t - 11 - 33 = 0. What are the prime factors of q?
5, 7
Let u(v) = 25*v - 48. List the prime factors of u(21).
3, 53
Let r = -4 + -1. Let i(t) = -t - 2. Let m be i(r). Suppose -m*q - 2*q = -185. What are the prime factors of q?
37
Suppose -3*v = -4*v + 3. Suppose v*s + 7*g = 3*g + 56, -31 = -3*s + g. What are the prime factors of s?
2, 3
Suppose 0*v - 5*g = -v + 17, 0 = v - 2*g - 2. Let p be (-4 - 123/(-3)) + 2. Let o = p + v. What are the prime factors of o?
31
Suppose 2*v + 4*j - j - 9 = 0, 0 = 3*v + 2*j - 6. Suppose v = 10*f - 7*f - 6. What are the prime factors of f?
2
Suppose -3*u - 593 = -s, -4*u + 817 = 4*s - 1587. What are the prime factors of s?
599
Let z(v) = 3*v**3 - 25*v**2 + 25*v + 13. List the prime factors of z(9).
2, 5
Let l be (-44)/(-20) - 1/5. Let s = l - -2. Let k(h) = -h**3 + 4*h**2 + 2*h - 1. List the prime factors of k(s).
7
Let g(w) = -w**3 - 25*w**2 + 93*w - 60. What are the prime factors of g(-31)?
3, 941
Suppose 0 = -3*n - 12, 3*j - 9*n + 8*n + 47 = 0. Let q = j + 81. List the prime factors of q.
2
Suppose -4*i - 2*j - 2*j = -40, -3*i + 2 = -4*j. Let h be 2 + -1 + 42/(3 - -3). Suppose h*p = i*p + 38. What are the prime factors of p?
19
Let w = 796 + -662. List the prime factors of w.
2, 67
Let w(n) = -2*n**3 + 18*n**2 - 16*n + 4. Let h(j) = -3*j**3 + 27*j**2 - 24*j + 6. Let l(i) = -5*h(i) + 8*w(i). List the prime factors of l(7).
2, 11
List the prime factors of (38077/202)/(2*(-1)/(-12)).
3, 13, 29
Let z be (141/12)/((105/56)/15). Suppose -2*f = f + 147. Let h = z + f. What are the prime factors of h?
3, 5
Let u(z) be the second derivative of -7/3*z**3 + 1/20*z**5 + 13/12*z**4 - 3*z + 11/2*z**2 + 0. What are the prime factors of u(-14)?
11
Let m = -2429 + 4314. List the prime factors of m.
5, 13, 29
Suppose -n + 5*n = 160. Let u be (-15)/(50/60*-3). Suppose -u*y = -n - 50. What are the prime factors of y?
3, 5
Let z = 968 + -356. What are the prime factors of z?
2, 3, 17
Let x(j) = -j**3 - 18*j**2 - 17*j - 16. List the prime factors of x(-18).
2, 5, 29
Let v = 75 - 65. Suppose -r = -3*r + 10. Suppose r = -w + v. What are the prime factors of w?
5
Let t(c) = -c**3 + 23*c**2 + c + 4. List the prime factors of t(23).
3
Let m(u) = -u**3 + 2*u**2 + 2. Suppose -c - 1 = 2*w + 11, 4*w - 5*c - 4 = 0. Let k be 0 - -4*w/(-8). List the prime factors of m(k).
2
Suppose 2*n + 4*h - 20 = 0, 7 - 25 = -4*n + 3*h. Suppose -58 = -n*i + 5*i. List the prime factors of i.
2, 29
List the prime factors of 42/(-7) + 1338/6.
7, 31
Suppose -2*u + 3*k = -22, 4*u - 24 = -0*k + k. Suppose f + u*f = 144. List the prime factors of f.
2, 3
Let g(q) = 13*q + 19. Let y(z) = -7*z - 10. Let x(n) = -6*g(n) - 11*y(n). Let t be x(-10). Let a = t - -8. What are the prime factors of a?
2, 7
Suppose 37*q = 1729 + 39156. List the prime factors of q.
5, 13, 17
Suppose v - r = -31 + 83, 2*r = -2*v + 124. Let x = 34 + v. List the prime factors of x.
7, 13
Let r = -59 + 63. Suppose 399 = 5*a - 2*n - 245, a + 3*n - 139 = 0. Suppose r*s = 5*w - 329, -3*w = -5*w + 2*s + a. What are the prime factors of w?
3, 23
Let l = 1810 + -47. What are the prime factors of l?
41, 43
Let p = 105 - -477. List the prime factors of p.
2, 3, 97
Suppose 0 = 7*b - 9*b + 58. Let j = b - -42. What are the prime factors of j?
71
Let o(d) = 3*d + d**2 - 2*d + 5 + 0*d + 3*d. Suppose 3*a + 14 = a. List the prime factors of o(a).
2, 13
Suppose -2*l - 3 = 2*p + 5, 0 = 2*p + 5*l + 14. Let a be (-12)/p*1/2. Suppose 5*j + 45 = 5*o, j + a*j + 1 = -o. What are the prime factors of o?
7
Suppose -h = 3*d - 16, -h = -2*d - 5*h + 4. Suppose -2*s - 22 = -5*n, s + d = n + 4*n. What are the prime factors of (s/(-5))/1*10?
2
Suppose 0 = 4*l + l - 40. Suppose 66 = l*w - 38. List the prime factors of w.
13
Suppose 0 = -13*m - 3*m + 5264. Suppose -5*j + 6*j = -5*c + m, 5*j + 110 = 2*c. List the prime factors of c.
5, 13
Let f = 1962 - 591. What are the prime factors of f?
3, 457
Let s = -622 - -1084. List the prime factors of s.
2, 3, 7, 11
Suppose -5*d = -4*o - 36 - 15, 2*d - 4*o - 30 = 0. Let g(w) = w**3 - 8*w**2 + 7*w + 1. Let u be g(d). What are the prime factors of -20*u*(-21)/12?
5, 7
Suppose 4*l + 108 + 26 = -5*o, 3*l = -o - 95. Let a be (-21)/12 - 54/(-72). What are the prime factors of 1/a*1*l?
31
Let i = 126 + 1824. What are the prime factors of i?
2, 3, 5, 13
Let h = 8 - 8. Suppose -344 = -3*w - 3*j - 41, h = -3*w + j + 303. List the prime factors of w.
101
Let t(g) = g**2 + 8*g + 9. Let a be t(-7). Let b(m) = 16*m - 27. Let y be b(6). Suppose 0 = -3*i - o + y, 3*o = i + a*o - 23. What are the prime factors of i?
23
Let n(r) = r**3 + 5*r**2 + 6*r + 4. Let x be n(-4). What are the prime factors of 69 + x/((-12)/(-9))?
2, 3, 11
Suppose g - 2*f = 735, -4*g = -5*g + 5*f + 732. List the prime factors of g.
11, 67
Suppose -54*t = -77*t + 116012. List the prime factors of t.
2, 13, 97
Let f be (-1)/((-1)/10*(-20)/(-8)). Let h be -41*4/(-5 - -1). Suppose b + f*b = -2*l + 2, 2*b + h = 3*l. List the prime factors of l.
11
Let q be (-3171)/(-15) + 16/(-40). Let b = q + -104. What are the prime factors of b?
107
List the prime factors of (-11)/(-1)*1687*13/91.
11, 241
Suppose y - 2*y - 104 = 4*z, -y = z + 26. List the prime factors of z*-3*2/3.
2, 13
Let m = -490 - -896. List the prime factors of m.
2, 7, 29
Let x(z) = -153*z + 1. Let s be x(-2). Suppose c - 73 = 6*m - m, -4*c = -5*m - s. List the prime factors of c.
2, 3, 13
Let d(q) = 3*q**2 + 4*q - 2. Let l = -44 + 49. List the prime factors of d(l).
3, 31
List the prime factors of (-5707)/(-26) + (-1)/(-2).
2, 5, 11
Let p(q) = 9*q. Let w be p(1). Let c = w - 9. Suppose 7 = 2*z - z + 4*s, c = -4*z + 4*s + 68. List the prime factors of z.
3, 5